[INFO] cloning repository https://github.com/wagnerf42/rayon-logs-viewer
[INFO] running `Command { std: "git" "-c" "credential.helper=" "-c" "credential.helper=/workspace/cargo-home/bin/git-credential-null" "clone" "--bare" "https://github.com/wagnerf42/rayon-logs-viewer" "/workspace/cache/git-repos/https%3A%2F%2Fgithub.com%2Fwagnerf42%2Frayon-logs-viewer", kill_on_drop: false }`
[INFO] [stderr] Cloning into bare repository '/workspace/cache/git-repos/https%3A%2F%2Fgithub.com%2Fwagnerf42%2Frayon-logs-viewer'...
[INFO] running `Command { std: "git" "rev-parse" "HEAD", kill_on_drop: false }`
[INFO] [stdout] e373ad7d11a1cbd475d3d40c879598a9d35a850a
[INFO] checking wagnerf42/rayon-logs-viewer against master#af3c6e733a40e671550e0f0f5aeecaa13772ba56 for pr-74989
[INFO] running `Command { std: "git" "clone" "/workspace/cache/git-repos/https%3A%2F%2Fgithub.com%2Fwagnerf42%2Frayon-logs-viewer" "/workspace/builds/worker-14/source", kill_on_drop: false }`
[INFO] [stderr] Cloning into '/workspace/builds/worker-14/source'...
[INFO] [stderr] done.
[INFO] validating manifest of git repo https://github.com/wagnerf42/rayon-logs-viewer on toolchain af3c6e733a40e671550e0f0f5aeecaa13772ba56
[INFO] running `Command { std: "/workspace/cargo-home/bin/cargo" "+af3c6e733a40e671550e0f0f5aeecaa13772ba56" "read-manifest" "--manifest-path" "Cargo.toml", kill_on_drop: false }`
[INFO] started tweaking git repo https://github.com/wagnerf42/rayon-logs-viewer
[INFO] removed path dependency rayon_logs from git repo https://github.com/wagnerf42/rayon-logs-viewer
[INFO] finished tweaking git repo https://github.com/wagnerf42/rayon-logs-viewer
[INFO] tweaked toml for git repo https://github.com/wagnerf42/rayon-logs-viewer written to /workspace/builds/worker-14/source/Cargo.toml
[INFO] crate git repo https://github.com/wagnerf42/rayon-logs-viewer already has a lockfile, it will not be regenerated
[INFO] running `Command { std: "/workspace/cargo-home/bin/cargo" "+af3c6e733a40e671550e0f0f5aeecaa13772ba56" "fetch" "--locked" "--manifest-path" "Cargo.toml", kill_on_drop: false }`
[INFO] [stderr] warning: dependency (rayon_logs) specified without providing a local path, Git repository, or version to use. This will be considered an error in future versions
[INFO] [stderr]     Blocking waiting for file lock on package cache
[INFO] [stderr]     Updating crates.io index
[INFO] [stderr] error: the lock file /workspace/builds/worker-14/source/Cargo.lock needs to be updated but --locked was passed to prevent this
[INFO] [stderr] If you want to try to generate the lock file without accessing the network, use the --offline flag.
[INFO] the lockfile is outdated, regenerating it
[INFO] running `Command { std: "/workspace/cargo-home/bin/cargo" "+af3c6e733a40e671550e0f0f5aeecaa13772ba56" "generate-lockfile" "--manifest-path" "Cargo.toml" "-Zno-index-update", kill_on_drop: false }`
[INFO] [stderr]     Blocking waiting for file lock on package cache
[INFO] running `Command { std: "/workspace/cargo-home/bin/cargo" "+af3c6e733a40e671550e0f0f5aeecaa13772ba56" "fetch" "--locked" "--manifest-path" "Cargo.toml", kill_on_drop: false }`
[INFO] [stderr] warning: dependency (rayon_logs) specified without providing a local path, Git repository, or version to use. This will be considered an error in future versions
[INFO] [stderr]     Blocking waiting for file lock on package cache
[INFO] running `Command { std: "docker" "create" "-v" "/var/lib/crater-agent-workspace/builds/worker-14/target:/opt/rustwide/target:rw,Z" "-v" "/var/lib/crater-agent-workspace/builds/worker-14/source:/opt/rustwide/workdir:ro,Z" "-v" "/var/lib/crater-agent-workspace/cargo-home:/opt/rustwide/cargo-home:ro,Z" "-v" "/var/lib/crater-agent-workspace/rustup-home:/opt/rustwide/rustup-home:ro,Z" "-e" "SOURCE_DIR=/opt/rustwide/workdir" "-e" "CARGO_TARGET_DIR=/opt/rustwide/target" "-e" "CARGO_HOME=/opt/rustwide/cargo-home" "-e" "RUSTUP_HOME=/opt/rustwide/rustup-home" "-w" "/opt/rustwide/workdir" "-m" "1610612736" "--user" "0:0" "--network" "none" "rustops/crates-build-env@sha256:d92eaeed33fa75130ca1ee6c8a01d1ffb62bac859dfdfb3450e3e5d1c0146529" "/opt/rustwide/cargo-home/bin/cargo" "+af3c6e733a40e671550e0f0f5aeecaa13772ba56" "metadata" "--no-deps" "--format-version=1", kill_on_drop: false }`
[INFO] [stdout] 472fcaded7ed7b0c28bd4c58997f40d6d8f6f59cad59afd7df09debb4f6ffeb9
[INFO] [stderr] WARNING: Your kernel does not support swap limit capabilities or the cgroup is not mounted. Memory limited without swap.
[INFO] running `Command { std: "docker" "start" "-a" "472fcaded7ed7b0c28bd4c58997f40d6d8f6f59cad59afd7df09debb4f6ffeb9", kill_on_drop: false }`
[INFO] running `Command { std: "docker" "inspect" "472fcaded7ed7b0c28bd4c58997f40d6d8f6f59cad59afd7df09debb4f6ffeb9", kill_on_drop: false }`
[INFO] running `Command { std: "docker" "rm" "-f" "472fcaded7ed7b0c28bd4c58997f40d6d8f6f59cad59afd7df09debb4f6ffeb9", kill_on_drop: false }`
[INFO] [stdout] 472fcaded7ed7b0c28bd4c58997f40d6d8f6f59cad59afd7df09debb4f6ffeb9
[INFO] running `Command { std: "docker" "create" "-v" "/var/lib/crater-agent-workspace/builds/worker-14/target:/opt/rustwide/target:rw,Z" "-v" "/var/lib/crater-agent-workspace/builds/worker-14/source:/opt/rustwide/workdir:ro,Z" "-v" "/var/lib/crater-agent-workspace/cargo-home:/opt/rustwide/cargo-home:ro,Z" "-v" "/var/lib/crater-agent-workspace/rustup-home:/opt/rustwide/rustup-home:ro,Z" "-e" "SOURCE_DIR=/opt/rustwide/workdir" "-e" "CARGO_TARGET_DIR=/opt/rustwide/target" "-e" "CARGO_INCREMENTAL=0" "-e" "RUST_BACKTRACE=full" "-e" "RUSTFLAGS=--cap-lints=forbid" "-e" "CARGO_HOME=/opt/rustwide/cargo-home" "-e" "RUSTUP_HOME=/opt/rustwide/rustup-home" "-w" "/opt/rustwide/workdir" "-m" "1610612736" "--user" "0:0" "--network" "none" "rustops/crates-build-env@sha256:d92eaeed33fa75130ca1ee6c8a01d1ffb62bac859dfdfb3450e3e5d1c0146529" "/opt/rustwide/cargo-home/bin/cargo" "+af3c6e733a40e671550e0f0f5aeecaa13772ba56" "check" "--frozen" "--all" "--all-targets" "--message-format=json", kill_on_drop: false }`
[INFO] [stdout] 76eaf82d930ae33be42816592e9835887309b7ce1e99a97c484a8be416be0a9a
[INFO] [stderr] WARNING: Your kernel does not support swap limit capabilities or the cgroup is not mounted. Memory limited without swap.
[INFO] running `Command { std: "docker" "start" "-a" "76eaf82d930ae33be42816592e9835887309b7ce1e99a97c484a8be416be0a9a", kill_on_drop: false }`
[INFO] [stderr] warning: dependency (rayon_logs) specified without providing a local path, Git repository, or version to use. This will be considered an error in future versions
[INFO] [stderr]    Compiling autocfg v1.0.1
[INFO] [stderr]    Compiling libc v0.2.77
[INFO] [stderr]     Checking cfg-if v0.1.10
[INFO] [stderr]    Compiling bitflags v1.2.1
[INFO] [stderr]    Compiling proc-macro2 v0.4.30
[INFO] [stderr]    Compiling log v0.4.11
[INFO] [stderr]    Compiling maybe-uninit v2.0.0
[INFO] [stderr]    Compiling xml-rs v0.8.3
[INFO] [stderr]    Compiling autocfg v0.1.7
[INFO] [stderr]     Checking rand_core v0.4.2
[INFO] [stderr]    Compiling proc-macro2 v1.0.21
[INFO] [stderr]    Compiling unicode-xid v0.2.1
[INFO] [stderr]    Compiling syn v1.0.41
[INFO] [stderr]     Checking scopeguard v1.1.0
[INFO] [stderr]    Compiling semver-parser v0.7.0
[INFO] [stderr]    Compiling rayon-core v1.8.0
[INFO] [stderr]    Compiling serde_derive v1.0.116
[INFO] [stderr]     Checking either v1.6.0
[INFO] [stderr]    Compiling khronos_api v2.2.0
[INFO] [stderr]     Checking same-file v1.0.6
[INFO] [stderr]     Checking stable_deref_trait v1.2.0
[INFO] [stderr]    Compiling pkg-config v0.3.18
[INFO] [stderr]     Checking lzw v0.10.0
[INFO] [stderr]     Checking shader_version v0.3.0
[INFO] [stderr]    Compiling getrandom v0.1.15
[INFO] [stderr]     Checking scopeguard v0.3.3
[INFO] [stderr]     Checking piston-texture v0.6.0
[INFO] [stderr]    Compiling ryu v1.0.5
[INFO] [stderr]    Compiling serde_json v1.0.57
[INFO] [stderr]     Checking read_color v1.0.0
[INFO] [stderr]     Checking ppv-lite86 v0.2.9
[INFO] [stderr]     Checking fnv v1.0.7
[INFO] [stderr]     Checking piston-shaders_graphics2d v0.3.1
[INFO] [stderr]     Checking itoa v0.4.6
[INFO] [stderr]     Checking vecmath v0.3.1
[INFO] [stderr]     Checking rand_core v0.3.1
[INFO] [stderr]     Checking rand_jitter v0.1.4
[INFO] [stderr]    Compiling semver v0.9.0
[INFO] [stderr]     Checking itertools v0.9.0
[INFO] [stderr]     Checking owning_ref v0.4.1
[INFO] [stderr]     Checking walkdir v2.3.1
[INFO] [stderr]     Checking gif v0.10.3
[INFO] [stderr]     Checking libloading v0.6.3
[INFO] [stderr]    Compiling rand_pcg v0.1.2
[INFO] [stderr]    Compiling rand_chacha v0.1.1
[INFO] [stderr]    Compiling rand v0.6.5
[INFO] [stderr]    Compiling num-traits v0.2.12
[INFO] [stderr]    Compiling crossbeam-utils v0.7.2
[INFO] [stderr]    Compiling memoffset v0.5.5
[INFO] [stderr]    Compiling crossbeam-epoch v0.8.2
[INFO] [stderr]    Compiling num-integer v0.1.43
[INFO] [stderr]    Compiling rayon v1.4.0
[INFO] [stderr]    Compiling num-iter v0.1.41
[INFO] [stderr]    Compiling num-rational v0.2.4
[INFO] [stderr]     Checking rand_hc v0.1.0
[INFO] [stderr]     Checking rand_xorshift v0.1.1
[INFO] [stderr]     Checking rand_isaac v0.1.1
[INFO] [stderr]     Checking stb_truetype v0.3.1
[INFO] [stderr]     Checking deflate v0.7.20
[INFO] [stderr]     Checking lock_api v0.1.5
[INFO] [stderr]    Compiling rustc_version v0.2.3
[INFO] [stderr]     Checking dlib v0.4.2
[INFO] [stderr]    Compiling gl_generator v0.10.0
[INFO] [stderr]     Checking smallvec v0.6.13
[INFO] [stderr]    Compiling x11-dl v2.18.5
[INFO] [stderr]    Compiling xml-rs v0.7.0
[INFO] [stderr]     Checking draw_state v0.8.0
[INFO] [stderr]     Checking nix v0.14.1
[INFO] [stderr]     Checking num_cpus v1.13.0
[INFO] [stderr]     Checking rand_os v0.1.3
[INFO] [stderr]     Checking memmap v0.7.0
[INFO] [stderr]     Checking shared_library v0.1.9
[INFO] [stderr]     Checking wayland-sys v0.21.13
[INFO] [stderr]    Compiling quote v1.0.7
[INFO] [stderr]    Compiling quote v0.6.13
[INFO] [stderr]     Checking osmesa-sys v0.1.2
[INFO] [stderr]     Checking rand_core v0.5.1
[INFO] [stderr]    Compiling parking_lot_core v0.4.0
[INFO] [stderr]    Compiling wayland-scanner v0.21.13
[INFO] [stderr]    Compiling syn v0.15.44
[INFO] [stderr]     Checking rand_chacha v0.2.2
[INFO] [stderr]     Checking crossbeam-channel v0.4.4
[INFO] [stderr]    Compiling gl_generator v0.9.0
[INFO] [stderr]     Checking rand v0.7.3
[INFO] [stderr]     Checking crossbeam-deque v0.7.3
[INFO] [stderr]    Compiling gl v0.11.0
[INFO] [stderr]    Compiling glutin v0.19.0
[INFO] [stderr]     Checking approx v0.3.2
[INFO] [stderr]     Checking ordered-float v1.1.0
[INFO] [stderr]     Checking line_drawing v0.7.0
[INFO] [stderr]     Checking rusttype v0.8.3
[INFO] [stderr]     Checking parking_lot v0.7.1
[INFO] [stderr]     Checking png v0.12.0
[INFO] [stderr]    Compiling gfx_gl v0.5.0
[INFO] [stderr]     Checking rusttype v0.7.9
[INFO] [stderr]    Compiling wayland-client v0.21.13
[INFO] [stderr]    Compiling wayland-protocols v0.21.13
[INFO] [stderr]     Checking andrew v0.2.1
[INFO] [stderr]     Checking piston2d-graphics v0.28.0
[INFO] [stderr]     Checking wayland-commons v0.21.13
[INFO] [stderr]    Compiling derivative v1.0.4
[INFO] [stderr]    Compiling num-derive v0.2.5
[INFO] [stderr]     Checking jpeg-decoder v0.1.20
[INFO] [stderr]     Checking tiff v0.2.2
[INFO] [stderr]     Checking gfx_core v0.8.3
[INFO] [stderr]     Checking image v0.20.1
[INFO] [stderr]     Checking pistoncore-input v0.23.0
[INFO] [stderr]     Checking rayon_logs v0.1.3
[INFO] [stderr]     Checking smithay-client-toolkit v0.4.6
[INFO] [stderr]     Checking gfx v0.17.1
[INFO] [stderr]     Checking gfx_device_gl v0.15.5
[INFO] [stderr]     Checking winit v0.18.1
[INFO] [stderr]     Checking pistoncore-window v0.34.0
[INFO] [stderr]     Checking piston-gfx_texture v0.34.0
[INFO] [stderr]     Checking piston2d-gfx_graphics v0.54.0
[INFO] [stderr]     Checking pistoncore-event_loop v0.39.0
[INFO] [stderr]     Checking piston v0.39.0
[INFO] [stderr]     Checking pistoncore-glutin_window v0.51.1
[INFO] [stderr]     Checking piston_window v0.85.0
[INFO] [stderr]     Checking rayon-logs-viewer v0.1.0 (/opt/rustwide/workdir)
[INFO] [stdout] error[E0412]: cannot find type `Rectangle` in crate `rayon_logs`
[INFO] [stdout]   --> src/main.rs:15:21
[INFO] [stdout]    |
[INFO] [stdout] 15 |     r: &rayon_logs::Rectangle,
[INFO] [stdout]    |                     ^^^^^^^^^ not found in `rayon_logs`
[INFO] [stdout]    |
[INFO] [stdout] help: consider importing one of these items
[INFO] [stdout]    |
[INFO] [stdout] 1  | use crate::rectangle::Rectangle;
[INFO] [stdout]    |
[INFO] [stdout] 1  | use crate::types::Rectangle;
[INFO] [stdout]    |
[INFO] [stdout] 1  | use piston_window::Rectangle;
[INFO] [stdout]    |
[INFO] [stdout] 1  | use piston_window::types::Rectangle;
[INFO] [stdout]    |
[INFO] [stdout] 
[INFO] [stdout] 
[INFO] [stdout] error[E0412]: cannot find type `Rectangle` in crate `rayon_logs`
[INFO] [stdout]   --> src/main.rs:15:21
[INFO] [stdout]    |
[INFO] [stdout] 15 |     r: &rayon_logs::Rectangle,
[INFO] [stdout]    |                     ^^^^^^^^^ not found in `rayon_logs`
[INFO] [stdout]    |
[INFO] [stdout] help: consider importing one of these items
[INFO] [stdout]    |
[INFO] [stdout] 1  | use crate::rectangle::Rectangle;
[INFO] [stdout]    |
[INFO] [stdout] 1  | use crate::types::Rectangle;
[INFO] [stdout]    |
[INFO] [stdout] 1  | use piston_window::Rectangle;
[INFO] [stdout]    |
[INFO] [stdout] 1  | use piston_window::types::Rectangle;
[INFO] [stdout]    |
[INFO] [stdout] 
[INFO] [stdout] 
[INFO] [stdout] error[E0061]: this function takes 1 argument but 2 arguments were supplied
[INFO] [stdout]   --> src/main.rs:49:17
[INFO] [stdout]    |
[INFO] [stdout] 49 |     let scene = visualisation(&log, None);
[INFO] [stdout]    |                 ^^^^^^^^^^^^^ ----  ---- supplied 2 arguments
[INFO] [stdout]    |                 |
[INFO] [stdout]    |                 expected 1 argument
[INFO] [stdout] 
[INFO] [stdout] 
[INFO] [stdout] error[E0599]: no method named `unwrap` found for tuple `(u64, u64)` in the current scope
[INFO] [stdout]   --> src/main.rs:77:30
[INFO] [stdout]    |
[INFO] [stdout] 77 |         .map(|r| r.animation.unwrap().0)
[INFO] [stdout]    |                              ^^^^^^ method not found in `(u64, u64)`
[INFO] [stdout] 
[INFO] [stdout] 
[INFO] [stdout] error[E0599]: no method named `unwrap` found for tuple `(u64, u64)` in the current scope
[INFO] [stdout]   --> src/main.rs:83:30
[INFO] [stdout]    |
[INFO] [stdout] 83 |         .map(|r| r.animation.unwrap().1)
[INFO] [stdout]    |                              ^^^^^^ method not found in `(u64, u64)`
[INFO] [stdout] 
[INFO] [stdout] 
[INFO] [stdout] error: aborting due to 4 previous errors
[INFO] [stdout] 
[INFO] [stdout] 
[INFO] [stdout] Some errors have detailed explanations: E0061, E0412, E0599.
[INFO] [stdout] 
[INFO] [stdout] For more information about an error, try `rustc --explain E0061`.
[INFO] [stdout] 
[INFO] [stdout] error[E0061]: this function takes 1 argument but 2 arguments were supplied
[INFO] [stdout]   --> src/main.rs:49:17
[INFO] [stdout]    |
[INFO] [stdout] 49 |     let scene = visualisation(&log, None);
[INFO] [stdout]    |                 ^^^^^^^^^^^^^ ----  ---- supplied 2 arguments
[INFO] [stdout]    |                 |
[INFO] [stdout]    |                 expected 1 argument
[INFO] [stdout] 
[INFO] [stdout] 
[INFO] [stdout] error[E0599]: no method named `unwrap` found for tuple `(u64, u64)` in the current scope
[INFO] [stdout]   --> src/main.rs:77:30
[INFO] [stdout]    |
[INFO] [stdout] 77 |         .map(|r| r.animation.unwrap().0)
[INFO] [stdout]    |                              ^^^^^^ method not found in `(u64, u64)`
[INFO] [stdout] 
[INFO] [stdout] 
[INFO] [stdout] error[E0599]: no method named `unwrap` found for tuple `(u64, u64)` in the current scope
[INFO] [stdout]   --> src/main.rs:83:30
[INFO] [stdout]    |
[INFO] [stdout] 83 |         .map(|r| r.animation.unwrap().1)
[INFO] [stdout]    |                              ^^^^^^ method not found in `(u64, u64)`
[INFO] [stdout] 
[INFO] [stdout] 
[INFO] [stderr] error: could not compile `rayon-logs-viewer`.
[INFO] [stderr] 
[INFO] [stderr] To learn more, run the command again with --verbose.
[INFO] [stderr] warning: build failed, waiting for other jobs to finish...
[INFO] [stdout] error: aborting due to 4 previous errors
[INFO] [stdout] 
[INFO] [stdout] 
[INFO] [stdout] Some errors have detailed explanations: E0061, E0412, E0599.
[INFO] [stdout] 
[INFO] [stdout] For more information about an error, try `rustc --explain E0061`.
[INFO] [stdout] 
[INFO] [stderr] error: build failed
[INFO] running `Command { std: "docker" "inspect" "76eaf82d930ae33be42816592e9835887309b7ce1e99a97c484a8be416be0a9a", kill_on_drop: false }`
[INFO] running `Command { std: "docker" "rm" "-f" "76eaf82d930ae33be42816592e9835887309b7ce1e99a97c484a8be416be0a9a", kill_on_drop: false }`
[INFO] [stdout] 76eaf82d930ae33be42816592e9835887309b7ce1e99a97c484a8be416be0a9a
